z**2 - 6*z**2 - 2 + 5*z**2. Let l be y(-5). Give o(l).
3
Let a = -58 + 58. Let y(z) = 3 + 5 - 11 + a*z - 3*z. What is y(-2)?
3
Let g(m) = m**3 - 2*m**2 - 2*m + 3. Let w be g(3). Let d(k) = 3*k**3 - 2 - 2*k**2 + k**3 - w*k**3 + k. Let a = 180 - 182. What is d(a)?
4
Let b(s) be the third derivative of 0 + 5/6*s**3 - 1/60*s**5 + 0*s + 1/8*s**4 + 21*s**2. What is b(6)?
-13
Let s(c) be the second derivative of -c**3/3 - 3*c**2/2 + 93*c + 2. Determine s(2).
-7
Let z = 2065 + -2068. Let m(x) = x**2 + 3*x - 1. Determine m(z).
-1
Let m(o) = -8*o**2 + 0*o**3 + o**3 + 16*o**2 - 7*o**2. Let w(u) = 19*u**3 - 2*u**2 - u. Let x(c) = -2*m(c) - w(c). Determine x(-1).
20
Let s = -943 + 948. Let w(x) = -x**2 + 7*x - 4. Determine w(s).
6
Let w(r) = -r + 7 + 1 - 3. Let z be (2 - 5)*((-4)/(-6) - -1). Let h(a) = -a**2 - 5*a. Let b be h(z). Calculate w(b).
5
Suppose 2*f + v - 11 = -0*v, 3*f + 4*v - 4 = 0. Let b(i) = i**3 - 7*i**2 - 8*i - 2. Let g be b(f). Let s(r) = -16 - r + 9 + 3. Calculate s(g).
-2
Let h(g) be the third derivative of -g**8/6720 - g**7/504 + g**6/360 + g**5/20 - 3*g**4/4 - 20*g**2. Let f(d) be the second derivative of h(d). What is f(-5)?
-4
Let d(t) be the first derivative of -t**4/4 - 2*t**3/3 - t**2 - t - 36. Suppose -4*b + 4 = -4*i, 7*b - 3*b + i + 6 = 0. What is d(b)?
0
Let a(v) = 27*v - 1 - 26*v - 1. Let y(n) = -n**2 - 9*n - 9. Let r be y(-7). Determine a(r).
3
Let n(w) = 5*w**3 + w**2 - 8*w + 6. Let i(o) = -o**3 + o**2 + o - 1. Let r(d) = 4*i(d) + n(d). Give r(-5).
22
Suppose 16 = -8*j - 32. Let v(s) = -3*s**3 - 4*s**2 + 4*s - 5. Let c(b) = 5*b**3 + 7*b**2 - 7*b + 9. Let h(x) = j*c(x) - 11*v(x). What is h(1)?
4
Suppose c + 20 = 6*c + 5*k, -14 = -2*c + 4*k. Suppose 5*b = -5*h + 30, 3*b = -0*h - 2*h + 9. Let t(v) = -4*v**2 - v + c*v**2 + h*v + 5. Calculate t(-5).
-10
Suppose -5 = 5*b - 25. Let y = -25 - -22. Let c(a) = 3*a**3 - 3*a**2 + 4*a - 2. Let q(x) = -4*x**3 + 2*x**2 - 3*x + 3. Let f(r) = y*c(r) - 2*q(r). What is f(b)?
-8
Let n(p) = 1. Let l(w) = -14*w - 27. Let y(u) = 9*u + 18. Let b(d) = 5*l(d) + 8*y(d). Let c(h) = b(h) - 5*n(h). What is c(5)?
14
Let u(o) = o**2 - 6. Let h(s) = s**2 - 2*s - 3. Let k be h(5). Let v be 1/4 + ((-3)/k - 0). Give u(v).
-6
Let m(h) = -21 + 7*h**3 + 63 - 11*h**2 - 33. Let j(c) = -3*c**3 + 5*c**2 - 4. Let v(b) = -9*j(b) - 4*m(b). Calculate v(-1).
0
Let o(n) = 14 - 14 - 9*n**2 + 10*n**2 - 4 + 4*n. Calculate o(-5).
1
Let m(g) = -g + 7. Let b(q) = -q**2 - 5*q + 6. Let s be b(0). Calculate m(s).
1
Let q(k) = k**3 + 1. Let t = 1515 - 1515. Determine q(t).
1
Let a be (12/(-8))/(15/(-110)). Let v(c) = -18*c + 3*c + 3*c + a*c + 9. What is v(-7)?
16
Let r(a) = -2*a - 7*a - 1 + 18*a + 6*a**2 - a**3 + 4. Suppose -4 = 5*k + 5*h - 14, 2*h = -k - 3. Calculate r(k).
17
Let m(i) be the first derivative of -i**5/24 + i**4/8 + 5*i**3/3 + 26. Let w(o) be the third derivative of m(o). Give w(2).
-7
Let v(n) = -3*n**2 + 10*n - 1. Let r(z) = z**2 - z - 1. Let g = -45 - -41. Let b(c) = g*r(c) - v(c). Calculate b(-7).
-2
Let h = -1372 + 1366. Let b(u) = 9*u**3 + 12*u**2 + 9*u + 15. Let g(m) = 5*m**3 + 6*m**2 + 5*m + 8. Let j(z) = -4*b(z) + 7*g(z). Give j(h).
2
Let o(g) = g**3 + 13*g**2 - 13*g + 5. Let m be o(-14). Let s = m + 5. Let v(f) = -3*f**2 + 5*f**2 - 3*f**2 - 3*f. What is v(s)?
-4
Let i(b) = -b + 7. Let t = 438 + -435. What is i(t)?
4
Let y(r) = -r**3 + 6*r**2 + 7*r + 2. Let v be ((-90)/4)/((-3)/(-6)). Let t = v + 3. Let b be (t/30)/((-2)/10). Give y(b).
2
Let l(v) = -v - 6. Let u(q) = -3. Let p(i) = -3*l(i) + 7*u(i). Calculate p(-1).
-6
Let u(m) = m**3 - 5*m**2 + m - 3. Let z(k) = -2*k + 17. Let a be z(5). Let b be 39/a + (-16)/28. Calculate u(b).
2
Let x(r) = 3*r + 1 - 2*r - 1107*r**2 + 1107*r**2 - 6*r**3. Let i = 0 - 1. Determine x(i).
6
Let f(x) = x**3 - 11*x**2 + 2*x. Let v(w) = 114*w + 125. Let r be v(-1). What is f(r)?
22
Suppose -2*g + 6 - 16 = 0. Let p = 10 + g. Let t(b) = 110*b**2 + 86*b**2 + b**3 - 5*b - 200*b**2. Determine t(p).
0
Suppose -5*d + d = -16. Let o(a) = a**2 + 8*a + 1. Let x(g) = -14*g**2 + 25*g**2 + 9*g - 11*g**2 + g**2. Let i(h) = d*o(h) - 3*x(h). Give i(-3).
-2
Let j(y) be the third derivative of -y**6/120 + y**5/10 - 5*y**4/24 + y**3 + y**2. Let v be 5 - (3 + 3 + -4). Suppose 10*h - 47 = v. Give j(h).
6
Let n(l) = -4*l**3 + 2*l**2 - 2*l + 3. Let t = 73 - 63. Suppose 4*y - 14 = -c - 2*c, -3*c + t = 2*y. Give n(c).
-25
Let t(g) = -2*g**2 + 47*g - 25. Let v be t(23). Let i(n) be the first derivative of 1/3*n**3 + 5/2*n**2 + 2*n - 2. Calculate i(v).
-4
Let n(s) = 12*s - 3. Let k be n(0). Let u(l) = -4*l**2 - 10*l + 1. Let d(v) = 2*v**2 + 5*v. Let t(f) = 5*d(f) + 2*u(f). Give t(k).
5
Let u(d) = -d**3 - 2*d**2 + 2*d - 3. Let v = 36 + -31. Suppose 0*q = -v*q - 15. Determine u(q).
0
Let f = -724 - -724. Let h(b) be the third derivative of 3/2*b**3 + 1/4*b**4 + 14*b**2 + 0 - 1/60*b**5 + f*b. Calculate h(7).
2
Let l(g) = -3*g + 3*g - 14*g**2 + g - 2*g + 1. Suppose 2*n + 11 = o, -22 = 4*o - o + 5*n. What is l(o)?
-14
Let c(b) be the first derivative of b**4/12 + b**3/6 - b**2/2 + 10*b - 5. Let s(x) be the first derivative of c(x). Give s(2).
5
Suppose -5*m + 4*t + 40 = 3*t, 3*t - 6 = m. Suppose -6*h + m = -3*h. Suppose 0 = h*i + 5*k + 20, 4*i = 4*k - 2*k - 18. Let l(u) = -u - 4. Determine l(i).
1
Let f(n) be the first derivative of 6 + n**2 + 2/3*n**3 - 3*n. What is f(-3)?
9
Let j(n) be the first derivative of n**3/3 + n**2/2 - n + 335. Determine j(1).
1
Let i(t) = 10*t + 7 + 34*t**3 + 21*t**3 + 8*t**2 - 71*t**3 + 17*t**3. Calculate i(-7).
-14
Suppose 46*l = 14*l + 32. Let u(o) = -9*o**3 - 2*o**2 + o. What is u(l)?
-10
Let r(m) = m. Let n(q) = 8*q + 4. Let p(h) = n(h) - 5*r(h). Calculate p(-2).
-2
Let k(z) = 3*z - 3. Let l be k(3). Let q(f) = 3 - f**3 + l*f**2 + 4*f - 5 - 10*f**2. Suppose -83 + 108 = -5*a. Determine q(a).
3
Let f(v) be the third derivative of -v**5/60 - 3*v**4/8 - v**3 - 12*v**2 + 4*v. Let p = 7 + -15. What is f(p)?
2
Let y = -74 - -73. Let o(l) = 4*l**2 - l. Give o(y).
5
Suppose 0 = 2*b + 5*p + 5, 3*b = 3*p + 4 - 64. Let u = b + 23. Suppose -w - w = u. Let o(j) = -j**3 - 6*j**2 - 2*j + 4. Give o(w).
-20
Let l(b) be the first derivative of -b**4/2 + b**3/3 + b**2 - 2*b + 4478. Let x = -3 + 5. Calculate l(x).
-10
Let y be 6/12 + 26/4. Let u(g) = 5*g + 4*g**3 - y - 33*g**2 - 5*g**3 + 0 + 27*g**2. Calculate u(-7).
7
Let d(w) = -4*w**2 + 1. Let s(z) = -17*z**2 - 4*z + 1. Let m(g) = 4*d(g) - s(g). Suppose -5*k - 19 - 1 = 0. What is m(k)?
3
Let w = -11 - -11. Suppose w = -8*b + 4*b - 28. Let r = -6 - b. Let z(g) = 10*g**2 - g + 1. Give z(r).
10
Let q(h) = -h - 4. Let o(n) = 3*n**2 - 29*n + 18. Let y be o(9). What is q(y)?
-4
Let z(k) be the second derivative of k**4/12 + k**3/6 + 11*k**2/2 + 8*k. Let x(o) be the first derivative of z(o). Calculate x(1).
3
Let i(r) = r + 12. Suppose 4*o = -7 + 23. Let f be (o - 6)/1*1 - 11. Calculate i(f).
-1
Let h(s) = 1. Let y(z) = z**2 + 13*z - 8. Let l(k) = -3*h(k) - y(k). Let j be l(-13). Let g(x) = x**3 - 4*x**2 - 5*x + 7. Determine g(j).
7
Suppose -z - 2*c + 5 = 0, -2*c + c = z - 5. Let h be (-2)/2 - (-1 - z). Let l(y) = 10*y**3 - 4*y + 0*y + 6*y**2 - 11*y**3. Determine l(h).
5
Suppose 8*x + 5*x = -26. Let v(q) = -q**3 - q**2 - q - 1. Give v(x).
5
Let a(l) be the first derivative of -4*l**3/3 - l**2/2 + 17*l + 1. Let s(c) be the first derivative of a(c). Determine s(1).
-9
Let t(q) = -3*q + 21. Let p = -22 - -31. Let f be t(p). Let j(c) = c**3 + 6*c**2 - 2*c - 3. What is j(f)?
9
Let s(p) = -4*p - 4. Let u(l) = 7*l + 9. Let x(t) = 5*s(t) + 3*u(t). Let o be (94/(-3))/(1 + (-10)/6). Let h = o - 53. Determine x(h).
1
Let d(b) be the second derivative of 0 + 3*b**2 + 1/12*b**4 - 34*b + 7/6*b**3. Give d(-5).
-4
Suppose -173 = -5*v - 173. Let s(r) = 2*r**3 - 2*r**2. Let k be s(2). Let t(w) = 5*w - 4*w + w**2 - k - 3. Determine t(v).
-11
Let k(n) = n**3 + 6*n**2 + 4*n - 3. Let c be k(-5). Suppose -4*d + 0*d = -8. Let v(r) = r**c - 3*r**d + r - 4*r + 1 + r. Determine v(2).
-11
Suppose -109 + 124 = -3*i. Let q(f) = -f**3 - 6*f**2 - 7*f + 7. What is q(i)?
17
Let u = -4 + 6. Let q(j) = 8*j**2 + 7. Let c(v) be the first derivative of -v**3/3 - v - 73. Let l(d) = u*q(d) + 14*c(d). Give l(2).
8
Suppose 5*f - m + 25 = -1, -16 = 4*f + 4*m. Let o(t) = 3*t**2 + 5*t + 4. Gi